prime factors of j?
31
Let a be (10 - -2) + 1 - -1. Suppose 5*r = 2*w + 2 - 16, 4*w - 3*r - a = 0. Suppose w*x - 4*q = 9 + 23, -16 = -3*x - 2*q. What are the prime factors of x?
2
Suppose -5*p = 3*j - 112 - 93, p = 2*j - 115. List the prime factors of j.
2, 3, 5
List the prime factors of 3/(-4) - (0 + 1470/(-8)).
3, 61
Let j(b) = -b + 10. What are the prime factors of j(0)?
2, 5
What are the prime factors of ((-28)/(-21))/(3/36)?
2
Let m(t) = 15*t - 65. List the prime factors of m(7).
2, 5
Let y be ((0/2)/(-2))/(-1). Suppose -3*b - 4 + 13 = y. Suppose -a + 4 = -b. What are the prime factors of a?
7
Let l(v) = 6*v**2 - 7*v + 12. What are the prime factors of l(6)?
2, 3, 31
Suppose -22 = 4*b + 2. List the prime factors of 32/3 + (-2)/b.
11
Suppose -4*d + 12 = 0, 0 = -5*f - 3*d + 23 + 6. Suppose -f*r - 115 = -9*r. What are the prime factors of r?
23
Suppose -2*c + 93 = c + 2*g, -4*c - 4*g + 124 = 0. What are the prime factors of c - 1*(2 + -4)?
3, 11
Suppose -13*m = -16*m + 18. Let z = 9 + -1. Let x = m + z. What are the prime factors of x?
2, 7
Suppose -4*y + 65 = 1. Suppose y = 4*h + 4. Suppose 0 = 5*b + h*u - 60, -2*b - 3*u = -u - 24. List the prime factors of b.
2, 3
Let d(i) = -i + 2. Let h be d(4). List the prime factors of ((-14)/(-8))/(h/(-8)).
7
Suppose -15*d + 527 = 2*d. List the prime factors of d.
31
Let w(f) = -f**3 - f**2 + f + 4. Suppose 0 = 3*r - 6*r. Let s be w(r). What are the prime factors of ((-2)/s)/(3/(-42))?
7
Suppose -34 = 6*y - 856. What are the prime factors of y?
137
Suppose 0*j - 60 = 4*j. Let r = -4 - j. List the prime factors of r.
11
Let z(o) = -o**2 - 2*o + 1. Let n be z(-2). Let r = 6 - n. What are the prime factors of r?
5
Suppose 90 = -o + 6*o. Let m be (0 - -18)*3/6. Suppose 3*v = m + o. List the prime factors of v.
3
Suppose b - 4*i = 154, -i + 525 = 5*b - 182. What are the prime factors of b?
2, 71
Suppose 143 = -6*r - 115. Let d = 73 + r. List the prime factors of d.
2, 3, 5
What are the prime factors of (14*(-3)/24)/(2/(-240))?
2, 3, 5, 7
Suppose 4*f + a + 6 + 15 = 0, 4*a = -f + 6. Let o be (-14)/f + 2/3. Suppose -5*l + 3*t + 19 = -o*l, -4*l + 34 = -2*t. List the prime factors of l.
2
Let a(u) = -3*u + 47. What are the prime factors of a(14)?
5
Let h = -6 - 4. Let d = h + 20. List the prime factors of d.
2, 5
List the prime factors of 4/(-14) + (-3 - (-7217)/49).
2, 3
Let r = 88 + -31. List the prime factors of r.
3, 19
What are the prime factors of (-18)/(-27)*(-21)/(-2)?
7
Let d = -6 - -8. Suppose -4*s + 2*b = -24, -4*b - 20 = -4*s - 3*b. Suppose -s*j + d*j + 26 = 0. List the prime factors of j.
13
Let h be 12/(-1)*(-15)/(-10). Let f be 114/27 - (-4)/h. Suppose f + 10 = c. What are the prime factors of c?
2, 7
Let u = -3 + 13. Suppose -3 = t - u. What are the prime factors of t?
7
Suppose 0 = -2*d + 3*d - 24. Suppose 0 = -0*m - 2*m + d. What are the prime factors of m?
2, 3
Let t be (-9)/(9/4) - -1. Let m(x) = 2*x**2 - 3*x - 1. List the prime factors of m(t).
2, 13
Let l = -157 - -241. What are the prime factors of l?
2, 3, 7
Suppose -10*k + 214 = -996. What are the prime factors of k?
11
Suppose -m + 88 = -23. What are the prime factors of m?
3, 37
Let g(j) = -j**3 + 20*j**2 + 23. What are the prime factors of g(19)?
2, 3
Suppose 2*l + 5*m = -239 - 120, -5*l - 970 = -2*m. List the prime factors of ((-6)/4)/(18/l).
2
Let p be (-2 - 4)*-1*1. Suppose -2*z - 36 = p. Let u = 30 + z. What are the prime factors of u?
3
Suppose 5 + 6 = -f. Let j(a) = -a + 16. What are the prime factors of j(f)?
3
What are the prime factors of -4 - ((-1 - 2) + -10)?
3
List the prime factors of (-2)/(-3) + (-600)/(-18).
2, 17
Suppose 5*s - 294 - 346 = 3*d, 2*s - d = 257. What are the prime factors of s?
131
Suppose -1 = 2*g - 61. Suppose -4*v + 12 = 2*n, v - 5*n = -4*v + g. List the prime factors of v.
2
Let v be 1/4 - 1/4. Suppose v*c - 3 = -c. Suppose 26 + 13 = 3*m + 5*y, 39 = c*m - 5*y. List the prime factors of m.
13
Suppose 0 = 3*b, -4*y + 250 = y - 2*b. What are the prime factors of y?
2, 5
Suppose -5*y = -y - 8. Let l = 25 + -19. Suppose -y*p = l - 26. What are the prime factors of p?
2, 5
Let a(g) = 76*g**2 + 5*g - 4. What are the prime factors of a(1)?
7, 11
Suppose x = -2*r + 8, -2*r = 5*x - 3*r - 7. Let n(p) = 5*p + 4. List the prime factors of n(x).
2, 7
Suppose 3*c + 161 = 4*t + 26, 0 = 2*t - 2*c - 66. What are the prime factors of t?
2, 3
Suppose v = -39 + 110. What are the prime factors of v?
71
Let w(o) = -o**2 + o. Let l be w(1). Let f = 3 + l. Suppose 4*j - 18 = -p, 5*j - 50 = -p - f*p. List the prime factors of p.
2, 5
Let d = 614 + -363. What are the prime factors of d?
251
Suppose -7*j + 3*j - 56 = 0. Let m = j - -7. What are the prime factors of (1 - 1) + m/(-1)?
7
Suppose -4*k + 171 = 5*a, 5*k - k + 4*a = 172. What are the prime factors of k?
2, 11
Let s(a) = -a**3 + 4*a**2 + 10*a - 9. Let f be s(6). Let y be 4/(-14) - (-15)/f. Let i(q) = 8*q**2 + 2*q + 1. List the prime factors of i(y).
7
Let t be 2/(5/(285/(-2))). Let s = -32 - t. List the prime factors of s.
5
Let x(k) = k**2 + 3*k + 9. What are the prime factors of x(10)?
139
Suppose 2*x = -2*x + 188. Suppose 2*l = x - 3. What are the prime factors of l?
2, 11
Let x = -9 + 11. List the prime factors of (-1 - -9)/(x/4).
2
Suppose -74 = -5*x + 6. List the prime factors of x.
2
Suppose 0*q = 4*q. Suppose -2*b - 21 + 75 = q. List the prime factors of b.
3
List the prime factors of ((-4)/(-6))/(5/2760).
2, 23
Let g(b) = -b**3 + 5*b**2 - 4*b + 2. Let c be g(2). Let s = 7 - c. Suppose -2*j + 7 + s = 0. List the prime factors of j.
2
Let c(h) = 5*h**2 - 2*h + 1. Let i be c(1). Let l be (-6 + i)*(-4)/2. Suppose b - 1 = l. List the prime factors of b.
5
Suppose 12 = -d + 2*d. List the prime factors of d.
2, 3
What are the prime factors of 6/3 + (48 - -1)?
3, 17
Suppose 0 = 3*n - 0*n + 3. Let w(m) = 6*m**2 + m + 1. What are the prime factors of w(n)?
2, 3
What are the prime factors of 59 - (-1 - (-3 - -1))?
2, 29
Suppose 0 = -y - 1 + 4. Suppose -30 = -8*g + y*g. Suppose 5*n - g = -2*h, 3*h + h - 22 = -5*n. List the prime factors of h.
2
Suppose -5*c = -4*c + 45. List the prime factors of 60*(c/12)/(-5).
3, 5
What are the prime factors of 3 + -4 + -2 + 178?
5, 7
Suppose -r + 0*r = 0, -5*r - 18 = -v. Let x be (1/3)/(2/v). Let s = x + 0. List the prime factors of s.
3
Let z(c) = -3*c - 1. Let a be z(3). Suppose -h + 0*h + 21 = -s, 2*s = h - 19. Let u = a + h. List the prime factors of u.
13
Let s = 1 + 6. What are the prime factors of s?
7
Let m(q) = q + 4. Let t = 9 + -1. List the prime factors of m(t).
2, 3
Suppose -122 = -3*y + 82. List the prime factors of y.
2, 17
List the prime factors of (-4 - (3 - 4))*-19.
3, 19
Let d = 11 - 7. Suppose -63 = -d*i + 13. List the prime factors of i.
19
Let o = -44 - -9. Let f = -24 - o. What are the prime factors of f?
11
Suppose 2*t - 4*t + 77 = -5*o, -41 = 3*o + 4*t. Let d = 0 - o. What are the prime factors of (-9)/d - 68/(-5)?
13
Let j be 1/(0 + 1/3). What are the prime factors of -2 + j*(-20)/(-3)?
2, 3
Let i be (-10)/((-6)/3) - 0. Suppose 4*q = -q - 3*w - 4, i*q = 2*w + 11. What are the prime factors of 2 + (2 - q) - -2?
5
Let n be (2/6)/((-2)/(-42)). Suppose -2*r - 1 = -n. What are the prime factors of r?
3
Let c(i) = i**2 + 11*i - 7. List the prime factors of c(-14).
5, 7
Let w(t) = 7*t - 9. Let x = 26 - 20. What are the prime factors of w(x)?
3, 11
Let f(r) = r - 3. Let z be f(7). Let m be 2 + 11 - (0 - -1). Suppose 0 = z*v + m, -2*v + 5*v + 77 = 4*a. What are the prime factors of a?
17
Let z = 7 + -4. Suppose 2 = -f - 2*j, -5*j = -4*f + z*f + 12. What are the prime factors of f?
2
What are the prime factors of (-4475)/50*2*-1?
179
Suppose 0 = -j + 6 - 5. Let t be 2 + 0 - 3*j. List the prime factors of -2 + 11 - (0 + t).
2, 5
Let a = 1 - 7. Let u(h) = h**3 + 5*h**2 - 8*h - 7. List the prime factors of u(a).
5
Suppose f - u = 21, -5*f + 75 = 2*u + 3*u. Suppose -g = -6*g. Suppose -2*a + 0*a + f = g. What are the prime factors of a?
3
Let u(a) = -a**3 + a**2 + 2. Let l be u(0). What are the prime factors of (-1)/(l + -3) - -24?
5
Let z(g) = -g**3 - 11*g**2 - g - 13. Let h be z(-11). List the prime factors of 49 - 0 - (h - -4).
47
Suppose 5*o + 5*r + 17 = 57, 32 = o - 5*r. Suppose o = 2*t + 2*t. What are the prime fact